{"id":18,"date":"2017-01-06T14:10:50","date_gmt":"2017-01-06T13:10:50","guid":{"rendered":"http:\/\/cohen-corporate-assurances.com\/courtier\/?page_id=18"},"modified":"2017-02-21T14:12:02","modified_gmt":"2017-02-21T13:12:02","slug":"assurance-emprunteur-2","status":"publish","type":"page","link":"https:\/\/form.cohen-corporate-assurances.com\/courtier\/assurance-emprunteur-2\/","title":{"rendered":"Emprunteur"},"content":{"rendered":"<div class=\"row mod mod-html\">\n<div class=\"col-sm-10 col-center\">\n<div class=\"row mod mod-texte1\">\n<div class=\"col-sm-12 col-center\">\n<div class=\"mod-block\">\n<div id=\"M_CPH1_BRC1_pnl\" class=\"al_boxTextContent2\">\n<div class=\"row mod mod-html\">\n<div class=\"col-sm-10 col-center\">\n<div class=\"row mod mod-texte1\">\n<div class=\"col-sm-12 col-center\">\n<div class=\"mod-block\">\n<div id=\"M_CPH1_BRC1_pnl\" class=\"al_boxTextContent2\">\n<div class=\"row mod mod-html\">\n<div class=\"col-sm-10 col-center\">\n<div class=\"row mod mod-texte1\">\n<div class=\"col-sm-12 col-center\">\n<div class=\"block-list-args\">\n<div class=\"mod-block\">\n<header>\n<div class=\"title\">\n<p>L&rsquo;<strong>assurance emprunteur<\/strong> est attach\u00e9e et limit\u00e9e \u00e0 la <strong>dur\u00e9e d&rsquo;un cr\u00e9dit<\/strong>. Elle permet de garantir le cr\u00e9ancier (banque ou organisme financier) contre diff\u00e9rents <strong>risques de d\u00e9faillance<\/strong> de l&#8217;emprunteur :<\/p>\n<\/div>\n<\/header>\n<\/div>\n<\/div>\n<\/div>\n<\/div>\n<\/div>\n<\/div>\n<\/div>\n<\/div>\n<\/div>\n<\/div>\n<\/div>\n<\/div>\n<\/div>\n<p><a href=\"http:\/\/cohen-corporate-assurances.com\/courtier\/wp-content\/uploads\/2017\/01\/240_F_116934137_YEhrQY8xS1MRqV2BLciLLdFaNYGTzb0O.jpg\"><img loading=\"lazy\" class=\"size-full wp-image-1670 alignleft\" src=\"http:\/\/cohen-corporate-assurances.com\/courtier\/wp-content\/uploads\/2017\/01\/240_F_116934137_YEhrQY8xS1MRqV2BLciLLdFaNYGTzb0O.jpg\" alt=\"\" width=\"360\" height=\"240\" srcset=\"https:\/\/form.cohen-corporate-assurances.com\/courtier\/wp-content\/uploads\/2017\/01\/240_F_116934137_YEhrQY8xS1MRqV2BLciLLdFaNYGTzb0O.jpg 360w, https:\/\/form.cohen-corporate-assurances.com\/courtier\/wp-content\/uploads\/2017\/01\/240_F_116934137_YEhrQY8xS1MRqV2BLciLLdFaNYGTzb0O-300x200.jpg 300w\" sizes=\"(max-width: 360px) 100vw, 360px\" \/><\/a><\/p>\n<div id=\"M_CPH1_BRC1_pnl\" class=\"al_boxTextContent2\">\n<div class=\"row mod mod-html\">\n<div class=\"col-sm-10 col-center\">\n<div class=\"row mod mod-texte1\">\n<div class=\"col-sm-12 col-center\">\n<div class=\"mod-block\">\n<div id=\"M_CPH1_BRC1_pnl\" class=\"al_boxTextContent2\">\n<div class=\"row mod mod-html\">\n<div class=\"col-sm-10 col-center\">\n<div class=\"row mod mod-texte1\">\n<div class=\"col-sm-12 col-center\">\n<div class=\"block-list-args\">\n<div class=\"mod-block\">\n<header>\n<div class=\"title\">\n<ul>\n<li>&#8211; la perte d&#8217;emploi,<\/li>\n<li>&#8211; l&rsquo;incapacit\u00e9 temporaire de travail,<\/li>\n<li>&#8211; le ch\u00f4mage,<\/li>\n<li>&#8211; l&rsquo;exon\u00e9ration des primes d&rsquo;assurance,<\/li>\n<li>&#8211; la perte totale et irr\u00e9versible d&rsquo;autonomie<\/li>\n<li>&#8211; le d\u00e9c\u00e8s.<\/li>\n<\/ul>\n<p>Il s&rsquo;agit donc de pr\u00e9munir l&rsquo;organisme pr\u00eateur contre l&rsquo;impossibilit\u00e9 de remboursement des \u00e9ch\u00e9ances du pr\u00eat.<\/p>\n<p><q class=\"quote text-center mt-30\">L&rsquo;assurance emprunteur est indispensable pour s\u00e9curiser le remboursement d&rsquo;un pr\u00eat en cas de perte brutale de revenus (d\u00e9c\u00e8s de l&#8217;emprunteur, perte totale et irr\u00e9versible d&rsquo;autonomie, invalidit\u00e9&#8230;). <\/q><\/p>\n<p><q class=\"quote text-center mt-30\"><strong>Pour exemple<\/strong>, elle \u00e9vite ainsi \u00e0 l&#8217;emprunteur de transmettre sa dette \u00e0 ses h\u00e9ritiers ou \u00e0 son co-emprunteur en cas de d\u00e9c\u00e8s \u00e0 hauteur des garanties souscrites.<\/q><\/p>\n<p>Vous \u00eates libre de choisir votre assurance de pr\u00eat immobilier d\u00e8s lors que les garanties du contrat sont \u00e9quivalentes \u00e0 celles que votre banque vous propose.<\/p>\n<p>Pour vos engagements et emprunts de cr\u00e9dit immobilier de vos banques, vous pouvez maintenant faire vos d\u00e9marches en ligne:<\/p>\n<\/div>\n<\/header>\n<\/div>\n<\/div>\n<\/div>\n<\/div>\n<\/div>\n<\/div>\n<\/div>\n<\/div>\n<\/div>\n<\/div>\n<\/div>\n<\/div>\n<p><strong>-Demande d&rsquo;Adh\u00e9sion Elliance<br \/>\n<\/strong><\/p>\n<p><a href=\"http:\/\/cohen-corporate-assurances.com\/bulletinadhesion02.pdf\" target=\"_blank\">Bulletin d&rsquo;Adh\u00e9sion Elliance<\/a> (format pdf avec champs de saisie)<\/p>\n<p>&nbsp;<\/p>\n<p><strong>-Demande d&rsquo;Adh\u00e9sion GENERALI<\/strong><\/p>\n<p><a href=\"http:\/\/cohen-corporate-assurances.com\/empruntergenerali.pdf\" target=\"_blank\">Demande d&rsquo;adh\u00e9sion Generali Delubac<\/a> (format pdf avec champs de saisie)<\/p>\n<p><a href=\"http:\/\/cohen-corporate-assurances.com\/questsante_generali.pdf\" target=\"_blank\">Questionnaire de sant\u00e9 Generali<\/a> (format pdf avec champs de saisie)<\/p>\n<p><a href=\"http:\/\/cohen-corporate-assurances.com\/mandat_generali.pdf\" target=\"_blank\">Mandat de pr\u00e9l\u00e8vement Generali<\/a> (format pdf avec champs de saisie)<\/p>\n<p>&nbsp;<\/p>\n<p><strong>-Fiche LAGARDE.<\/strong><\/p>\n<p><a href=\"http:\/\/cohen-corporate-assurances.com\/lagarde.pdf\" target=\"_blank\">\u00a0Fiche d&rsquo;information Lagarde<\/a> (format pdf avec champs de saisie)<\/p>\n<\/div>\n<\/div>\n<\/div>\n<\/div>\n<\/div>\n<\/div>\n","protected":false},"excerpt":{"rendered":"<p>L&rsquo;assurance emprunteur est attach\u00e9e et limit\u00e9e \u00e0 la dur\u00e9e d&rsquo;un cr\u00e9dit. Elle permet de garantir le cr\u00e9ancier (banque ou organisme financier) contre diff\u00e9rents risques de d\u00e9faillance de l&#8217;emprunteur : &#8211; la perte d&#8217;emploi, &#8211; l&rsquo;incapacit\u00e9 temporaire de travail, &#8211; le ch\u00f4mage, &#8211; l&rsquo;exon\u00e9ration des primes d&rsquo;assurance, &#8211; la perte totale et irr\u00e9versible d&rsquo;autonomie &#8211; le<\/p>\n","protected":false},"author":4,"featured_media":0,"parent":0,"menu_order":0,"comment_status":"closed","ping_status":"closed","template":"","meta":{"_monsterinsights_skip_tracking":false,"_monsterinsights_sitenote_active":false,"_monsterinsights_sitenote_note":"","_monsterinsights_sitenote_category":0,"spay_email":""},"yoast_head":"<!-- This site is optimized with the Yoast SEO plugin v17.5 - https:\/\/yoast.com\/wordpress\/plugins\/seo\/ -->\n<title>Emprunteur - Cohen Corporates Assurances<\/title>\n<meta name=\"description\" content=\"L&#039;assurance emprunteur est indispensable pour s\u00e9curiser le remboursement d&#039;un pr\u00eat en cas de perte brutale de revenus (d\u00e9c\u00e8s de l&#039;emprunteur,invalidit\u00e9...\" \/>\n<meta name=\"robots\" content=\"index, follow, max-snippet:-1, max-image-preview:large, max-video-preview:-1\" \/>\n<link rel=\"canonical\" href=\"https:\/\/form.cohen-corporate-assurances.com\/courtier\/assurance-emprunteur-2\/\" \/>\n<meta property=\"og:locale\" content=\"fr_FR\" \/>\n<meta property=\"og:type\" content=\"article\" \/>\n<meta property=\"og:title\" content=\"Emprunteur - Cohen Corporates Assurances\" \/>\n<meta property=\"og:description\" content=\"L&#039;assurance emprunteur est indispensable pour s\u00e9curiser le remboursement d&#039;un pr\u00eat en cas de perte brutale de revenus (d\u00e9c\u00e8s de l&#039;emprunteur,invalidit\u00e9...\" \/>\n<meta property=\"og:url\" content=\"https:\/\/form.cohen-corporate-assurances.com\/courtier\/assurance-emprunteur-2\/\" \/>\n<meta property=\"og:site_name\" content=\"Cohen Corporates Assurances\" \/>\n<meta property=\"article:publisher\" content=\"https:\/\/www.facebook.com\/Cohen-Corporate-Conseil-1506485289644638\" \/>\n<meta property=\"article:modified_time\" content=\"2017-02-21T13:12:02+00:00\" \/>\n<meta property=\"og:image\" content=\"http:\/\/cohen-corporate-assurances.com\/courtier\/wp-content\/uploads\/2017\/01\/240_F_116934137_YEhrQY8xS1MRqV2BLciLLdFaNYGTzb0O.jpg\" \/>\n<meta name=\"twitter:label1\" content=\"Dur\u00e9e de lecture est.\" \/>\n\t<meta name=\"twitter:data1\" content=\"1 minute\" \/>\n<script type=\"application\/ld+json\" class=\"yoast-schema-graph\">{\"@context\":\"https:\/\/schema.org\",\"@graph\":[{\"@type\":\"Organization\",\"@id\":\"https:\/\/form.cohen-corporate-assurances.com\/courtier\/#organization\",\"name\":\"Cohen corporates Assurances\",\"url\":\"https:\/\/form.cohen-corporate-assurances.com\/courtier\/\",\"sameAs\":[\"https:\/\/www.facebook.com\/Cohen-Corporate-Conseil-1506485289644638\",\"https:\/\/www.linkedin.com\/profile\/view?id=326448466\",\"https:\/\/twitter.com\/Cohenyves2\"],\"logo\":{\"@type\":\"ImageObject\",\"@id\":\"https:\/\/form.cohen-corporate-assurances.com\/courtier\/#logo\",\"inLanguage\":\"fr-FR\",\"url\":\"https:\/\/cohen-corporate-assurances.com\/courtier\/wp-content\/uploads\/2017\/02\/logo2017.jpg\",\"contentUrl\":\"https:\/\/cohen-corporate-assurances.com\/courtier\/wp-content\/uploads\/2017\/02\/logo2017.jpg\",\"width\":550,\"height\":181,\"caption\":\"Cohen corporates Assurances\"},\"image\":{\"@id\":\"https:\/\/form.cohen-corporate-assurances.com\/courtier\/#logo\"}},{\"@type\":\"WebSite\",\"@id\":\"https:\/\/form.cohen-corporate-assurances.com\/courtier\/#website\",\"url\":\"https:\/\/form.cohen-corporate-assurances.com\/courtier\/\",\"name\":\"Cohen Corporates Assurances\",\"description\":\"Courtier en Assurance\",\"publisher\":{\"@id\":\"https:\/\/form.cohen-corporate-assurances.com\/courtier\/#organization\"},\"potentialAction\":[{\"@type\":\"SearchAction\",\"target\":{\"@type\":\"EntryPoint\",\"urlTemplate\":\"https:\/\/form.cohen-corporate-assurances.com\/courtier\/?s={search_term_string}\"},\"query-input\":\"required name=search_term_string\"}],\"inLanguage\":\"fr-FR\"},{\"@type\":\"ImageObject\",\"@id\":\"https:\/\/form.cohen-corporate-assurances.com\/courtier\/assurance-emprunteur-2\/#primaryimage\",\"inLanguage\":\"fr-FR\",\"url\":\"http:\/\/cohen-corporate-assurances.com\/courtier\/wp-content\/uploads\/2017\/01\/240_F_116934137_YEhrQY8xS1MRqV2BLciLLdFaNYGTzb0O.jpg\",\"contentUrl\":\"http:\/\/cohen-corporate-assurances.com\/courtier\/wp-content\/uploads\/2017\/01\/240_F_116934137_YEhrQY8xS1MRqV2BLciLLdFaNYGTzb0O.jpg\"},{\"@type\":\"WebPage\",\"@id\":\"https:\/\/form.cohen-corporate-assurances.com\/courtier\/assurance-emprunteur-2\/#webpage\",\"url\":\"https:\/\/form.cohen-corporate-assurances.com\/courtier\/assurance-emprunteur-2\/\",\"name\":\"Emprunteur - Cohen Corporates Assurances\",\"isPartOf\":{\"@id\":\"https:\/\/form.cohen-corporate-assurances.com\/courtier\/#website\"},\"primaryImageOfPage\":{\"@id\":\"https:\/\/form.cohen-corporate-assurances.com\/courtier\/assurance-emprunteur-2\/#primaryimage\"},\"datePublished\":\"2017-01-06T13:10:50+00:00\",\"dateModified\":\"2017-02-21T13:12:02+00:00\",\"description\":\"L'assurance emprunteur est indispensable pour s\\u00e9curiser le remboursement d'un pr\\u00eat en cas de perte brutale de revenus (d\\u00e9c\\u00e8s de l'emprunteur,invalidit\\u00e9...\",\"breadcrumb\":{\"@id\":\"https:\/\/form.cohen-corporate-assurances.com\/courtier\/assurance-emprunteur-2\/#breadcrumb\"},\"inLanguage\":\"fr-FR\",\"potentialAction\":[{\"@type\":\"ReadAction\",\"target\":[\"https:\/\/form.cohen-corporate-assurances.com\/courtier\/assurance-emprunteur-2\/\"]}]},{\"@type\":\"BreadcrumbList\",\"@id\":\"https:\/\/form.cohen-corporate-assurances.com\/courtier\/assurance-emprunteur-2\/#breadcrumb\",\"itemListElement\":[{\"@type\":\"ListItem\",\"position\":1,\"name\":\"Accueil\",\"item\":\"https:\/\/form.cohen-corporate-assurances.com\/courtier\/\"},{\"@type\":\"ListItem\",\"position\":2,\"name\":\"Emprunteur\"}]}]}<\/script>\n<!-- \/ Yoast SEO plugin. -->","yoast_head_json":{"title":"Emprunteur - Cohen Corporates Assurances","description":"L'assurance emprunteur est indispensable pour s\u00e9curiser le remboursement d'un pr\u00eat en cas de perte brutale de revenus (d\u00e9c\u00e8s de l'emprunteur,invalidit\u00e9...","robots":{"index":"index","follow":"follow","max-snippet":"max-snippet:-1","max-image-preview":"max-image-preview:large","max-video-preview":"max-video-preview:-1"},"canonical":"https:\/\/form.cohen-corporate-assurances.com\/courtier\/assurance-emprunteur-2\/","og_locale":"fr_FR","og_type":"article","og_title":"Emprunteur - Cohen Corporates Assurances","og_description":"L'assurance emprunteur est indispensable pour s\u00e9curiser le remboursement d'un pr\u00eat en cas de perte brutale de revenus (d\u00e9c\u00e8s de l'emprunteur,invalidit\u00e9...","og_url":"https:\/\/form.cohen-corporate-assurances.com\/courtier\/assurance-emprunteur-2\/","og_site_name":"Cohen Corporates Assurances","article_publisher":"https:\/\/www.facebook.com\/Cohen-Corporate-Conseil-1506485289644638","article_modified_time":"2017-02-21T13:12:02+00:00","og_image":[{"url":"http:\/\/cohen-corporate-assurances.com\/courtier\/wp-content\/uploads\/2017\/01\/240_F_116934137_YEhrQY8xS1MRqV2BLciLLdFaNYGTzb0O.jpg"}],"twitter_misc":{"Dur\u00e9e de lecture est.":"1 minute"},"schema":{"@context":"https:\/\/schema.org","@graph":[{"@type":"Organization","@id":"https:\/\/form.cohen-corporate-assurances.com\/courtier\/#organization","name":"Cohen corporates Assurances","url":"https:\/\/form.cohen-corporate-assurances.com\/courtier\/","sameAs":["https:\/\/www.facebook.com\/Cohen-Corporate-Conseil-1506485289644638","https:\/\/www.linkedin.com\/profile\/view?id=326448466","https:\/\/twitter.com\/Cohenyves2"],"logo":{"@type":"ImageObject","@id":"https:\/\/form.cohen-corporate-assurances.com\/courtier\/#logo","inLanguage":"fr-FR","url":"https:\/\/cohen-corporate-assurances.com\/courtier\/wp-content\/uploads\/2017\/02\/logo2017.jpg","contentUrl":"https:\/\/cohen-corporate-assurances.com\/courtier\/wp-content\/uploads\/2017\/02\/logo2017.jpg","width":550,"height":181,"caption":"Cohen corporates Assurances"},"image":{"@id":"https:\/\/form.cohen-corporate-assurances.com\/courtier\/#logo"}},{"@type":"WebSite","@id":"https:\/\/form.cohen-corporate-assurances.com\/courtier\/#website","url":"https:\/\/form.cohen-corporate-assurances.com\/courtier\/","name":"Cohen Corporates Assurances","description":"Courtier en Assurance","publisher":{"@id":"https:\/\/form.cohen-corporate-assurances.com\/courtier\/#organization"},"potentialAction":[{"@type":"SearchAction","target":{"@type":"EntryPoint","urlTemplate":"https:\/\/form.cohen-corporate-assurances.com\/courtier\/?s={search_term_string}"},"query-input":"required name=search_term_string"}],"inLanguage":"fr-FR"},{"@type":"ImageObject","@id":"https:\/\/form.cohen-corporate-assurances.com\/courtier\/assurance-emprunteur-2\/#primaryimage","inLanguage":"fr-FR","url":"http:\/\/cohen-corporate-assurances.com\/courtier\/wp-content\/uploads\/2017\/01\/240_F_116934137_YEhrQY8xS1MRqV2BLciLLdFaNYGTzb0O.jpg","contentUrl":"http:\/\/cohen-corporate-assurances.com\/courtier\/wp-content\/uploads\/2017\/01\/240_F_116934137_YEhrQY8xS1MRqV2BLciLLdFaNYGTzb0O.jpg"},{"@type":"WebPage","@id":"https:\/\/form.cohen-corporate-assurances.com\/courtier\/assurance-emprunteur-2\/#webpage","url":"https:\/\/form.cohen-corporate-assurances.com\/courtier\/assurance-emprunteur-2\/","name":"Emprunteur - Cohen Corporates Assurances","isPartOf":{"@id":"https:\/\/form.cohen-corporate-assurances.com\/courtier\/#website"},"primaryImageOfPage":{"@id":"https:\/\/form.cohen-corporate-assurances.com\/courtier\/assurance-emprunteur-2\/#primaryimage"},"datePublished":"2017-01-06T13:10:50+00:00","dateModified":"2017-02-21T13:12:02+00:00","description":"L'assurance emprunteur est indispensable pour s\u00e9curiser le remboursement d'un pr\u00eat en cas de perte brutale de revenus (d\u00e9c\u00e8s de l'emprunteur,invalidit\u00e9...","breadcrumb":{"@id":"https:\/\/form.cohen-corporate-assurances.com\/courtier\/assurance-emprunteur-2\/#breadcrumb"},"inLanguage":"fr-FR","potentialAction":[{"@type":"ReadAction","target":["https:\/\/form.cohen-corporate-assurances.com\/courtier\/assurance-emprunteur-2\/"]}]},{"@type":"BreadcrumbList","@id":"https:\/\/form.cohen-corporate-assurances.com\/courtier\/assurance-emprunteur-2\/#breadcrumb","itemListElement":[{"@type":"ListItem","position":1,"name":"Accueil","item":"https:\/\/form.cohen-corporate-assurances.com\/courtier\/"},{"@type":"ListItem","position":2,"name":"Emprunteur"}]}]}},"jetpack_shortlink":"https:\/\/wp.me\/P8pwsQ-i","_links":{"self":[{"href":"https:\/\/form.cohen-corporate-assurances.com\/courtier\/wp-json\/wp\/v2\/pages\/18"}],"collection":[{"href":"https:\/\/form.cohen-corporate-assurances.com\/courtier\/wp-json\/wp\/v2\/pages"}],"about":[{"href":"https:\/\/form.cohen-corporate-assurances.com\/courtier\/wp-json\/wp\/v2\/types\/page"}],"author":[{"embeddable":true,"href":"https:\/\/form.cohen-corporate-assurances.com\/courtier\/wp-json\/wp\/v2\/users\/4"}],"replies":[{"embeddable":true,"href":"https:\/\/form.cohen-corporate-assurances.com\/courtier\/wp-json\/wp\/v2\/comments?post=18"}],"version-history":[{"count":25,"href":"https:\/\/form.cohen-corporate-assurances.com\/courtier\/wp-json\/wp\/v2\/pages\/18\/revisions"}],"predecessor-version":[{"id":2018,"href":"https:\/\/form.cohen-corporate-assurances.com\/courtier\/wp-json\/wp\/v2\/pages\/18\/revisions\/2018"}],"wp:attachment":[{"href":"https:\/\/form.cohen-corporate-assurances.com\/courtier\/wp-json\/wp\/v2\/media?parent=18"}],"curies":[{"name":"wp","href":"https:\/\/api.w.org\/{rel}","templated":true}]}}