{"id":592,"date":"2017-02-02T14:14:18","date_gmt":"2017-02-02T13:14:18","guid":{"rendered":"http:\/\/cohen-corporate-assurances.com\/courtier\/?page_id=592"},"modified":"2017-02-14T14:15:46","modified_gmt":"2017-02-14T13:15:46","slug":"responsabilite-civile-professionnelle","status":"publish","type":"page","link":"https:\/\/form.cohen-corporate-assurances.com\/courtier\/responsabilite-civile-professionnelle\/","title":{"rendered":"Responsabilit\u00e9 civile professionnelle"},"content":{"rendered":"<p><a href=\"http:\/\/cohen-corporate-assurances.com\/courtier\/wp-content\/uploads\/2015\/12\/thumb-la-protection-juridique-guide-pratique-5207.gif.jpg\" rel=\"attachment wp-att-503\"><img loading=\"lazy\" class=\"aligncenter wp-image-503\" src=\"http:\/\/cohen-corporate-assurances.com\/courtier\/wp-content\/uploads\/2015\/12\/thumb-la-protection-juridique-guide-pratique-5207.gif.jpg\" alt=\"thumb-la-protection-juridique---guide-pratique-5207.gif\" width=\"297\" height=\"297\" srcset=\"https:\/\/form.cohen-corporate-assurances.com\/courtier\/wp-content\/uploads\/2015\/12\/thumb-la-protection-juridique-guide-pratique-5207.gif.jpg 367w, https:\/\/form.cohen-corporate-assurances.com\/courtier\/wp-content\/uploads\/2015\/12\/thumb-la-protection-juridique-guide-pratique-5207.gif-150x150.jpg 150w, https:\/\/form.cohen-corporate-assurances.com\/courtier\/wp-content\/uploads\/2015\/12\/thumb-la-protection-juridique-guide-pratique-5207.gif-300x300.jpg 300w, https:\/\/form.cohen-corporate-assurances.com\/courtier\/wp-content\/uploads\/2015\/12\/thumb-la-protection-juridique-guide-pratique-5207.gif-250x250.jpg 250w, https:\/\/form.cohen-corporate-assurances.com\/courtier\/wp-content\/uploads\/2015\/12\/thumb-la-protection-juridique-guide-pratique-5207.gif-48x48.jpg 48w\" sizes=\"(max-width: 297px) 100vw, 297px\" \/><\/a><\/p>\n<p><strong>Qu\u2019est ce qu&rsquo;une responsabilit\u00e9 civile professionnelle?<\/strong><\/p>\n<p>L\u2019assurance responsabilit\u00e9 civile professionnelle est l&rsquo;essence m\u00eame de l&rsquo;assurance professionnelle. Elle <b>constitue une couverture indispensable <\/b>si vous-m\u00eame, votre personnel, vos locaux ou votre mat\u00e9riel causez des dommages \u00e0 des tiers (clients, visiteurs) dans le cadre de votre activit\u00e9 professionnelle.<\/p>\n<p><strong>Pourquoi est elle indispensable?<\/strong><\/p>\n<p>Il s&rsquo;agit d&rsquo;une couverture, d&rsquo;une s\u00e9curit\u00e9. Elle vous permet de s\u00e9curiser la p\u00e9rennit\u00e9 de votre entreprise face \u00e0 des risques majeurs, car dans le cadre de vos activit\u00e9s professionnelles, de l&rsquo;exploitation de votre entreprise, de la commercialisation de vos produits ou de leur utilisation, ou encore des services que vous rendrez, vous pouvez causer des dommages \u00e0 vos pr\u00e9pos\u00e9s, vos clients ou d&rsquo;autres tiers.<\/p>\n<p>Grace \u00e0 cette couverture, vous pouvez garantir les dommages corporels, mat\u00e9riels, immat\u00e9riels caus\u00e9s \u00e0 toute personne physique ou morale pendant l\u2019ex\u00e9cution d\u2019une prestation ou apr\u00e8s livraison.<\/p>\n<p><strong><em><u>REMARQUE<\/u><u>: <\/u><\/em><\/strong><\/p>\n<p>De nombreuses professions sont soumises \u00e0 <b>l\u2019obligation <\/b>de souscrire un contrat d\u2019assurance couvrant leur responsabilit\u00e9 civile professionnelle ; comme les professionnels de sant\u00e9 (m\u00e9decins, dentistes\u2026) , du droit (avocats, notaires\u2026), les entreprises du b\u00e2timent\u2026<\/p>\n<p>Contactez nous vite pour en savoir plus ou demander un devis.<\/p>\n","protected":false},"excerpt":{"rendered":"<p>Qu\u2019est ce qu&rsquo;une responsabilit\u00e9 civile professionnelle? L\u2019assurance responsabilit\u00e9 civile professionnelle est l&rsquo;essence m\u00eame de l&rsquo;assurance professionnelle. Elle constitue une couverture indispensable si vous-m\u00eame, votre personnel, vos locaux ou votre mat\u00e9riel causez des dommages \u00e0 des tiers (clients, visiteurs) dans le cadre de votre activit\u00e9 professionnelle. Pourquoi est elle indispensable? Il s&rsquo;agit d&rsquo;une couverture, d&rsquo;une s\u00e9curit\u00e9.<\/p>\n","protected":false},"author":2,"featured_media":0,"parent":0,"menu_order":0,"comment_status":"closed","ping_status":"closed","template":"","meta":{"_monsterinsights_skip_tracking":false,"_monsterinsights_sitenote_active":false,"_monsterinsights_sitenote_note":"","_monsterinsights_sitenote_category":0,"spay_email":""},"yoast_head":"<!-- This site is optimized with the Yoast SEO plugin v17.5 - https:\/\/yoast.com\/wordpress\/plugins\/seo\/ -->\n<title>Responsabilit\u00e9 civile professionnelle - Cohen Corporates Assurances<\/title>\n<meta name=\"description\" content=\"L\u2019assurance responsabilit\u00e9 civile professionnelle couvre votre personnel, vos locaux ou votre mat\u00e9riel dans le cadre de votre activit\u00e9 professionnelle\" \/>\n<meta name=\"robots\" content=\"index, follow, max-snippet:-1, max-image-preview:large, max-video-preview:-1\" \/>\n<link rel=\"canonical\" href=\"https:\/\/form.cohen-corporate-assurances.com\/courtier\/responsabilite-civile-professionnelle\/\" \/>\n<meta property=\"og:locale\" content=\"fr_FR\" \/>\n<meta property=\"og:type\" content=\"article\" \/>\n<meta property=\"og:title\" content=\"Responsabilit\u00e9 civile professionnelle - Cohen Corporates Assurances\" \/>\n<meta property=\"og:description\" content=\"L\u2019assurance responsabilit\u00e9 civile professionnelle couvre votre personnel, vos locaux ou votre mat\u00e9riel dans le cadre de votre activit\u00e9 professionnelle\" \/>\n<meta property=\"og:url\" content=\"https:\/\/form.cohen-corporate-assurances.com\/courtier\/responsabilite-civile-professionnelle\/\" \/>\n<meta property=\"og:site_name\" content=\"Cohen Corporates Assurances\" \/>\n<meta property=\"article:publisher\" content=\"https:\/\/www.facebook.com\/Cohen-Corporate-Conseil-1506485289644638\" \/>\n<meta property=\"article:modified_time\" content=\"2017-02-14T13:15:46+00:00\" \/>\n<meta property=\"og:image\" content=\"http:\/\/cohen-corporate-assurances.com\/courtier\/wp-content\/uploads\/2015\/12\/thumb-la-protection-juridique-guide-pratique-5207.gif.jpg\" \/>\n<meta name=\"twitter:label1\" content=\"Dur\u00e9e de lecture est.\" \/>\n\t<meta name=\"twitter:data1\" content=\"1 minute\" \/>\n<script type=\"application\/ld+json\" class=\"yoast-schema-graph\">{\"@context\":\"https:\/\/schema.org\",\"@graph\":[{\"@type\":\"Organization\",\"@id\":\"https:\/\/form.cohen-corporate-assurances.com\/courtier\/#organization\",\"name\":\"Cohen corporates Assurances\",\"url\":\"https:\/\/form.cohen-corporate-assurances.com\/courtier\/\",\"sameAs\":[\"https:\/\/www.facebook.com\/Cohen-Corporate-Conseil-1506485289644638\",\"https:\/\/www.linkedin.com\/profile\/view?id=326448466\",\"https:\/\/twitter.com\/Cohenyves2\"],\"logo\":{\"@type\":\"ImageObject\",\"@id\":\"https:\/\/form.cohen-corporate-assurances.com\/courtier\/#logo\",\"inLanguage\":\"fr-FR\",\"url\":\"https:\/\/cohen-corporate-assurances.com\/courtier\/wp-content\/uploads\/2017\/02\/logo2017.jpg\",\"contentUrl\":\"https:\/\/cohen-corporate-assurances.com\/courtier\/wp-content\/uploads\/2017\/02\/logo2017.jpg\",\"width\":550,\"height\":181,\"caption\":\"Cohen corporates Assurances\"},\"image\":{\"@id\":\"https:\/\/form.cohen-corporate-assurances.com\/courtier\/#logo\"}},{\"@type\":\"WebSite\",\"@id\":\"https:\/\/form.cohen-corporate-assurances.com\/courtier\/#website\",\"url\":\"https:\/\/form.cohen-corporate-assurances.com\/courtier\/\",\"name\":\"Cohen Corporates Assurances\",\"description\":\"Courtier en Assurance\",\"publisher\":{\"@id\":\"https:\/\/form.cohen-corporate-assurances.com\/courtier\/#organization\"},\"potentialAction\":[{\"@type\":\"SearchAction\",\"target\":{\"@type\":\"EntryPoint\",\"urlTemplate\":\"https:\/\/form.cohen-corporate-assurances.com\/courtier\/?s={search_term_string}\"},\"query-input\":\"required name=search_term_string\"}],\"inLanguage\":\"fr-FR\"},{\"@type\":\"ImageObject\",\"@id\":\"https:\/\/form.cohen-corporate-assurances.com\/courtier\/responsabilite-civile-professionnelle\/#primaryimage\",\"inLanguage\":\"fr-FR\",\"url\":\"http:\/\/cohen-corporate-assurances.com\/courtier\/wp-content\/uploads\/2015\/12\/thumb-la-protection-juridique-guide-pratique-5207.gif.jpg\",\"contentUrl\":\"http:\/\/cohen-corporate-assurances.com\/courtier\/wp-content\/uploads\/2015\/12\/thumb-la-protection-juridique-guide-pratique-5207.gif.jpg\"},{\"@type\":\"WebPage\",\"@id\":\"https:\/\/form.cohen-corporate-assurances.com\/courtier\/responsabilite-civile-professionnelle\/#webpage\",\"url\":\"https:\/\/form.cohen-corporate-assurances.com\/courtier\/responsabilite-civile-professionnelle\/\",\"name\":\"Responsabilit\\u00e9 civile professionnelle - Cohen Corporates Assurances\",\"isPartOf\":{\"@id\":\"https:\/\/form.cohen-corporate-assurances.com\/courtier\/#website\"},\"primaryImageOfPage\":{\"@id\":\"https:\/\/form.cohen-corporate-assurances.com\/courtier\/responsabilite-civile-professionnelle\/#primaryimage\"},\"datePublished\":\"2017-02-02T13:14:18+00:00\",\"dateModified\":\"2017-02-14T13:15:46+00:00\",\"description\":\"L\\u2019assurance responsabilit\\u00e9 civile professionnelle couvre votre personnel, vos locaux ou votre mat\\u00e9riel dans le cadre de votre activit\\u00e9 professionnelle\",\"breadcrumb\":{\"@id\":\"https:\/\/form.cohen-corporate-assurances.com\/courtier\/responsabilite-civile-professionnelle\/#breadcrumb\"},\"inLanguage\":\"fr-FR\",\"potentialAction\":[{\"@type\":\"ReadAction\",\"target\":[\"https:\/\/form.cohen-corporate-assurances.com\/courtier\/responsabilite-civile-professionnelle\/\"]}]},{\"@type\":\"BreadcrumbList\",\"@id\":\"https:\/\/form.cohen-corporate-assurances.com\/courtier\/responsabilite-civile-professionnelle\/#breadcrumb\",\"itemListElement\":[{\"@type\":\"ListItem\",\"position\":1,\"name\":\"Accueil\",\"item\":\"https:\/\/form.cohen-corporate-assurances.com\/courtier\/\"},{\"@type\":\"ListItem\",\"position\":2,\"name\":\"Responsabilit\\u00e9 civile professionnelle\"}]}]}<\/script>\n<!-- \/ Yoast SEO plugin. -->","yoast_head_json":{"title":"Responsabilit\u00e9 civile professionnelle - Cohen Corporates Assurances","description":"L\u2019assurance responsabilit\u00e9 civile professionnelle couvre votre personnel, vos locaux ou votre mat\u00e9riel dans le cadre de votre activit\u00e9 professionnelle","robots":{"index":"index","follow":"follow","max-snippet":"max-snippet:-1","max-image-preview":"max-image-preview:large","max-video-preview":"max-video-preview:-1"},"canonical":"https:\/\/form.cohen-corporate-assurances.com\/courtier\/responsabilite-civile-professionnelle\/","og_locale":"fr_FR","og_type":"article","og_title":"Responsabilit\u00e9 civile professionnelle - Cohen Corporates Assurances","og_description":"L\u2019assurance responsabilit\u00e9 civile professionnelle couvre votre personnel, vos locaux ou votre mat\u00e9riel dans le cadre de votre activit\u00e9 professionnelle","og_url":"https:\/\/form.cohen-corporate-assurances.com\/courtier\/responsabilite-civile-professionnelle\/","og_site_name":"Cohen Corporates Assurances","article_publisher":"https:\/\/www.facebook.com\/Cohen-Corporate-Conseil-1506485289644638","article_modified_time":"2017-02-14T13:15:46+00:00","og_image":[{"url":"http:\/\/cohen-corporate-assurances.com\/courtier\/wp-content\/uploads\/2015\/12\/thumb-la-protection-juridique-guide-pratique-5207.gif.jpg"}],"twitter_misc":{"Dur\u00e9e de lecture est.":"1 minute"},"schema":{"@context":"https:\/\/schema.org","@graph":[{"@type":"Organization","@id":"https:\/\/form.cohen-corporate-assurances.com\/courtier\/#organization","name":"Cohen corporates Assurances","url":"https:\/\/form.cohen-corporate-assurances.com\/courtier\/","sameAs":["https:\/\/www.facebook.com\/Cohen-Corporate-Conseil-1506485289644638","https:\/\/www.linkedin.com\/profile\/view?id=326448466","https:\/\/twitter.com\/Cohenyves2"],"logo":{"@type":"ImageObject","@id":"https:\/\/form.cohen-corporate-assurances.com\/courtier\/#logo","inLanguage":"fr-FR","url":"https:\/\/cohen-corporate-assurances.com\/courtier\/wp-content\/uploads\/2017\/02\/logo2017.jpg","contentUrl":"https:\/\/cohen-corporate-assurances.com\/courtier\/wp-content\/uploads\/2017\/02\/logo2017.jpg","width":550,"height":181,"caption":"Cohen corporates Assurances"},"image":{"@id":"https:\/\/form.cohen-corporate-assurances.com\/courtier\/#logo"}},{"@type":"WebSite","@id":"https:\/\/form.cohen-corporate-assurances.com\/courtier\/#website","url":"https:\/\/form.cohen-corporate-assurances.com\/courtier\/","name":"Cohen Corporates Assurances","description":"Courtier en Assurance","publisher":{"@id":"https:\/\/form.cohen-corporate-assurances.com\/courtier\/#organization"},"potentialAction":[{"@type":"SearchAction","target":{"@type":"EntryPoint","urlTemplate":"https:\/\/form.cohen-corporate-assurances.com\/courtier\/?s={search_term_string}"},"query-input":"required name=search_term_string"}],"inLanguage":"fr-FR"},{"@type":"ImageObject","@id":"https:\/\/form.cohen-corporate-assurances.com\/courtier\/responsabilite-civile-professionnelle\/#primaryimage","inLanguage":"fr-FR","url":"http:\/\/cohen-corporate-assurances.com\/courtier\/wp-content\/uploads\/2015\/12\/thumb-la-protection-juridique-guide-pratique-5207.gif.jpg","contentUrl":"http:\/\/cohen-corporate-assurances.com\/courtier\/wp-content\/uploads\/2015\/12\/thumb-la-protection-juridique-guide-pratique-5207.gif.jpg"},{"@type":"WebPage","@id":"https:\/\/form.cohen-corporate-assurances.com\/courtier\/responsabilite-civile-professionnelle\/#webpage","url":"https:\/\/form.cohen-corporate-assurances.com\/courtier\/responsabilite-civile-professionnelle\/","name":"Responsabilit\u00e9 civile professionnelle - Cohen Corporates Assurances","isPartOf":{"@id":"https:\/\/form.cohen-corporate-assurances.com\/courtier\/#website"},"primaryImageOfPage":{"@id":"https:\/\/form.cohen-corporate-assurances.com\/courtier\/responsabilite-civile-professionnelle\/#primaryimage"},"datePublished":"2017-02-02T13:14:18+00:00","dateModified":"2017-02-14T13:15:46+00:00","description":"L\u2019assurance responsabilit\u00e9 civile professionnelle couvre votre personnel, vos locaux ou votre mat\u00e9riel dans le cadre de votre activit\u00e9 professionnelle","breadcrumb":{"@id":"https:\/\/form.cohen-corporate-assurances.com\/courtier\/responsabilite-civile-professionnelle\/#breadcrumb"},"inLanguage":"fr-FR","potentialAction":[{"@type":"ReadAction","target":["https:\/\/form.cohen-corporate-assurances.com\/courtier\/responsabilite-civile-professionnelle\/"]}]},{"@type":"BreadcrumbList","@id":"https:\/\/form.cohen-corporate-assurances.com\/courtier\/responsabilite-civile-professionnelle\/#breadcrumb","itemListElement":[{"@type":"ListItem","position":1,"name":"Accueil","item":"https:\/\/form.cohen-corporate-assurances.com\/courtier\/"},{"@type":"ListItem","position":2,"name":"Responsabilit\u00e9 civile professionnelle"}]}]}},"jetpack_shortlink":"https:\/\/wp.me\/P8pwsQ-9y","_links":{"self":[{"href":"https:\/\/form.cohen-corporate-assurances.com\/courtier\/wp-json\/wp\/v2\/pages\/592"}],"collection":[{"href":"https:\/\/form.cohen-corporate-assurances.com\/courtier\/wp-json\/wp\/v2\/pages"}],"about":[{"href":"https:\/\/form.cohen-corporate-assurances.com\/courtier\/wp-json\/wp\/v2\/types\/page"}],"author":[{"embeddable":true,"href":"https:\/\/form.cohen-corporate-assurances.com\/courtier\/wp-json\/wp\/v2\/users\/2"}],"replies":[{"embeddable":true,"href":"https:\/\/form.cohen-corporate-assurances.com\/courtier\/wp-json\/wp\/v2\/comments?post=592"}],"version-history":[{"count":5,"href":"https:\/\/form.cohen-corporate-assurances.com\/courtier\/wp-json\/wp\/v2\/pages\/592\/revisions"}],"predecessor-version":[{"id":1005,"href":"https:\/\/form.cohen-corporate-assurances.com\/courtier\/wp-json\/wp\/v2\/pages\/592\/revisions\/1005"}],"wp:attachment":[{"href":"https:\/\/form.cohen-corporate-assurances.com\/courtier\/wp-json\/wp\/v2\/media?parent=592"}],"curies":[{"name":"wp","href":"https:\/\/api.w.org\/{rel}","templated":true}]}}