{"id":613,"date":"2017-01-24T13:22:16","date_gmt":"2017-01-24T12:22:16","guid":{"rendered":"http:\/\/cohen-corporate-assurances.com\/courtier\/?page_id=613"},"modified":"2017-02-14T14:23:17","modified_gmt":"2017-02-14T13:23:17","slug":"assurance-tns-commercant-artisan","status":"publish","type":"page","link":"https:\/\/form.cohen-corporate-assurances.com\/courtier\/assurance-tns-commercant-artisan\/","title":{"rendered":"SANTE MADELIN"},"content":{"rendered":"<p><b><a href=\"http:\/\/cohen-corporate-assurances.com\/courtier\/wp-content\/uploads\/2014\/10\/assur-1.jpg\" rel=\"attachment wp-att-402\"><img loading=\"lazy\" class=\"wp-image-402 aligncenter\" src=\"http:\/\/cohen-corporate-assurances.com\/courtier\/wp-content\/uploads\/2014\/10\/assur-1.jpg\" alt=\"assur\" width=\"203\" height=\"154\" \/><\/a><\/b><\/p>\n<p><b>Q<b>u&rsquo; est ce qu&rsquo;un<\/b> TNS\u00a0?<\/b><\/p>\n<p>Un\u00a0<b>TNS<\/b>\u00a0(travailleur non salari\u00e9) est un cr\u00e9ateur d\u2019entreprise (<b>Eurl<\/b>), un <b>g\u00e9rant majoritaire d\u2019une SARL<\/b>, un <b>travailleur individuel ind\u00e9pendant<\/b> (commer\u00e7ant, artisan, professionnel lib\u00e9ral). Le TNS est affili\u00e9 au r\u00e9gime de s\u00e9curit\u00e9 sociale des ind\u00e9pendants (RSI) ou r\u00e9gime TNS.<\/p>\n<p>&nbsp;<\/p>\n<p><u><b><i>\u00a0<\/i><\/b><\/u><\/p>\n<p><strong>Qu&rsquo;est ce que la mutuelle sant\u00e9 TNS?<\/strong><\/p>\n<p>Si vous \u00eates un <b>TNS<\/b>, vous pouvez, pour votre <b>mutuelle sant\u00e9<\/b>,\u00a0 souscrire \u00e0 un contrat de mutuelle TNS sp\u00e9cialement adapt\u00e9, c\u2019est ce qu\u2019on appelle <b>la mutuelle Madelin.<\/b><\/p>\n<p>Une <b>mutuelle sant\u00e9 TNS<\/b> a pour objectif d\u2019offrir aux travailleurs Non-salari\u00e9s <b>la meilleure <\/b><strong>protection sociale pour eux et pour leur famille<\/strong> en cas de probl\u00e8me de sant\u00e9.<\/p>\n<p>&nbsp;<\/p>\n<p><strong>Qu&rsquo;est ce qu&rsquo;un contrat Madelin?<\/strong><\/p>\n<p>Les contrats Madelin permettent aux travailleurs non salari\u00e9s (TNS) de b\u00e9n\u00e9ficier de garanties de sant\u00e9\u00a0 (maladie, maternit\u00e9, incapacit\u00e9 de travail, invalidit\u00e9, d\u00e9c\u00e8s, d\u00e9pendance).<\/p>\n<p>Les cotisations vers\u00e9es au titre de ces garanties b\u00e9n\u00e9ficient d&rsquo;une r\u00e9duction d\u2019imp\u00f4t sur le revenu imposable dans la limite d&rsquo;un plafond fiscal.<\/p>\n<p>&nbsp;<\/p>\n<p>&nbsp;<\/p>\n<p>Contactez nous vite pour toutes informations compl\u00e9mentaires ou demande de devis.<\/p>\n<p align=\"center\"><iframe loading=\"lazy\" src=\"https:\/\/www.youtube.com\/embed\/OU_oTs4s2v8\" width=\"560\" height=\"315\" frameborder=\"0\" allowfullscreen=\"allowfullscreen\"><\/iframe><\/p>\n","protected":false},"excerpt":{"rendered":"<p>Qu&rsquo; est ce qu&rsquo;un TNS\u00a0? Un\u00a0TNS\u00a0(travailleur non salari\u00e9) est un cr\u00e9ateur d\u2019entreprise (Eurl), un g\u00e9rant majoritaire d\u2019une SARL, un travailleur individuel ind\u00e9pendant (commer\u00e7ant, artisan, professionnel lib\u00e9ral). Le TNS est affili\u00e9 au r\u00e9gime de s\u00e9curit\u00e9 sociale des ind\u00e9pendants (RSI) ou r\u00e9gime TNS. &nbsp; \u00a0 Qu&rsquo;est ce que la mutuelle sant\u00e9 TNS? Si vous \u00eates un TNS,<\/p>\n","protected":false},"author":2,"featured_media":0,"parent":0,"menu_order":0,"comment_status":"closed","ping_status":"closed","template":"","meta":{"_monsterinsights_skip_tracking":false,"_monsterinsights_sitenote_active":false,"_monsterinsights_sitenote_note":"","_monsterinsights_sitenote_category":0,"spay_email":""},"yoast_head":"<!-- This site is optimized with the Yoast SEO plugin v17.5 - https:\/\/yoast.com\/wordpress\/plugins\/seo\/ -->\n<title>SANTE MADELIN - Cohen Corporates Assurances<\/title>\n<meta name=\"robots\" content=\"index, follow, max-snippet:-1, max-image-preview:large, max-video-preview:-1\" \/>\n<link rel=\"canonical\" href=\"https:\/\/form.cohen-corporate-assurances.com\/courtier\/assurance-tns-commercant-artisan\/\" \/>\n<meta property=\"og:locale\" content=\"fr_FR\" \/>\n<meta property=\"og:type\" content=\"article\" \/>\n<meta property=\"og:title\" content=\"SANTE MADELIN - Cohen Corporates Assurances\" \/>\n<meta property=\"og:description\" content=\"Qu&rsquo; est ce qu&rsquo;un TNS\u00a0? Un\u00a0TNS\u00a0(travailleur non salari\u00e9) est un cr\u00e9ateur d\u2019entreprise (Eurl), un g\u00e9rant majoritaire d\u2019une SARL, un travailleur individuel ind\u00e9pendant (commer\u00e7ant, artisan, professionnel lib\u00e9ral). Le TNS est affili\u00e9 au r\u00e9gime de s\u00e9curit\u00e9 sociale des ind\u00e9pendants (RSI) ou r\u00e9gime TNS. &nbsp; \u00a0 Qu&rsquo;est ce que la mutuelle sant\u00e9 TNS? Si vous \u00eates un TNS,\" \/>\n<meta property=\"og:url\" content=\"https:\/\/form.cohen-corporate-assurances.com\/courtier\/assurance-tns-commercant-artisan\/\" \/>\n<meta property=\"og:site_name\" content=\"Cohen Corporates Assurances\" \/>\n<meta property=\"article:publisher\" content=\"https:\/\/www.facebook.com\/Cohen-Corporate-Conseil-1506485289644638\" \/>\n<meta property=\"article:modified_time\" content=\"2017-02-14T13:23:17+00:00\" \/>\n<meta property=\"og:image\" content=\"http:\/\/cohen-corporate-assurances.com\/courtier\/wp-content\/uploads\/2014\/10\/assur-1.jpg\" \/>\n<meta name=\"twitter:label1\" content=\"Dur\u00e9e de lecture est.\" \/>\n\t<meta name=\"twitter:data1\" content=\"1 minute\" \/>\n<script type=\"application\/ld+json\" class=\"yoast-schema-graph\">{\"@context\":\"https:\/\/schema.org\",\"@graph\":[{\"@type\":\"Organization\",\"@id\":\"https:\/\/form.cohen-corporate-assurances.com\/courtier\/#organization\",\"name\":\"Cohen corporates Assurances\",\"url\":\"https:\/\/form.cohen-corporate-assurances.com\/courtier\/\",\"sameAs\":[\"https:\/\/www.facebook.com\/Cohen-Corporate-Conseil-1506485289644638\",\"https:\/\/www.linkedin.com\/profile\/view?id=326448466\",\"https:\/\/twitter.com\/Cohenyves2\"],\"logo\":{\"@type\":\"ImageObject\",\"@id\":\"https:\/\/form.cohen-corporate-assurances.com\/courtier\/#logo\",\"inLanguage\":\"fr-FR\",\"url\":\"https:\/\/cohen-corporate-assurances.com\/courtier\/wp-content\/uploads\/2017\/02\/logo2017.jpg\",\"contentUrl\":\"https:\/\/cohen-corporate-assurances.com\/courtier\/wp-content\/uploads\/2017\/02\/logo2017.jpg\",\"width\":550,\"height\":181,\"caption\":\"Cohen corporates Assurances\"},\"image\":{\"@id\":\"https:\/\/form.cohen-corporate-assurances.com\/courtier\/#logo\"}},{\"@type\":\"WebSite\",\"@id\":\"https:\/\/form.cohen-corporate-assurances.com\/courtier\/#website\",\"url\":\"https:\/\/form.cohen-corporate-assurances.com\/courtier\/\",\"name\":\"Cohen Corporates Assurances\",\"description\":\"Courtier en Assurance\",\"publisher\":{\"@id\":\"https:\/\/form.cohen-corporate-assurances.com\/courtier\/#organization\"},\"potentialAction\":[{\"@type\":\"SearchAction\",\"target\":{\"@type\":\"EntryPoint\",\"urlTemplate\":\"https:\/\/form.cohen-corporate-assurances.com\/courtier\/?s={search_term_string}\"},\"query-input\":\"required name=search_term_string\"}],\"inLanguage\":\"fr-FR\"},{\"@type\":\"ImageObject\",\"@id\":\"https:\/\/form.cohen-corporate-assurances.com\/courtier\/assurance-tns-commercant-artisan\/#primaryimage\",\"inLanguage\":\"fr-FR\",\"url\":\"http:\/\/cohen-corporate-assurances.com\/courtier\/wp-content\/uploads\/2014\/10\/assur-1.jpg\",\"contentUrl\":\"http:\/\/cohen-corporate-assurances.com\/courtier\/wp-content\/uploads\/2014\/10\/assur-1.jpg\"},{\"@type\":\"WebPage\",\"@id\":\"https:\/\/form.cohen-corporate-assurances.com\/courtier\/assurance-tns-commercant-artisan\/#webpage\",\"url\":\"https:\/\/form.cohen-corporate-assurances.com\/courtier\/assurance-tns-commercant-artisan\/\",\"name\":\"SANTE MADELIN - Cohen Corporates Assurances\",\"isPartOf\":{\"@id\":\"https:\/\/form.cohen-corporate-assurances.com\/courtier\/#website\"},\"primaryImageOfPage\":{\"@id\":\"https:\/\/form.cohen-corporate-assurances.com\/courtier\/assurance-tns-commercant-artisan\/#primaryimage\"},\"datePublished\":\"2017-01-24T12:22:16+00:00\",\"dateModified\":\"2017-02-14T13:23:17+00:00\",\"breadcrumb\":{\"@id\":\"https:\/\/form.cohen-corporate-assurances.com\/courtier\/assurance-tns-commercant-artisan\/#breadcrumb\"},\"inLanguage\":\"fr-FR\",\"potentialAction\":[{\"@type\":\"ReadAction\",\"target\":[\"https:\/\/form.cohen-corporate-assurances.com\/courtier\/assurance-tns-commercant-artisan\/\"]}]},{\"@type\":\"BreadcrumbList\",\"@id\":\"https:\/\/form.cohen-corporate-assurances.com\/courtier\/assurance-tns-commercant-artisan\/#breadcrumb\",\"itemListElement\":[{\"@type\":\"ListItem\",\"position\":1,\"name\":\"Accueil\",\"item\":\"https:\/\/form.cohen-corporate-assurances.com\/courtier\/\"},{\"@type\":\"ListItem\",\"position\":2,\"name\":\"SANTE MADELIN\"}]}]}<\/script>\n<!-- \/ Yoast SEO plugin. -->","yoast_head_json":{"title":"SANTE MADELIN - Cohen Corporates Assurances","robots":{"index":"index","follow":"follow","max-snippet":"max-snippet:-1","max-image-preview":"max-image-preview:large","max-video-preview":"max-video-preview:-1"},"canonical":"https:\/\/form.cohen-corporate-assurances.com\/courtier\/assurance-tns-commercant-artisan\/","og_locale":"fr_FR","og_type":"article","og_title":"SANTE MADELIN - Cohen Corporates Assurances","og_description":"Qu&rsquo; est ce qu&rsquo;un TNS\u00a0? Un\u00a0TNS\u00a0(travailleur non salari\u00e9) est un cr\u00e9ateur d\u2019entreprise (Eurl), un g\u00e9rant majoritaire d\u2019une SARL, un travailleur individuel ind\u00e9pendant (commer\u00e7ant, artisan, professionnel lib\u00e9ral). Le TNS est affili\u00e9 au r\u00e9gime de s\u00e9curit\u00e9 sociale des ind\u00e9pendants (RSI) ou r\u00e9gime TNS. &nbsp; \u00a0 Qu&rsquo;est ce que la mutuelle sant\u00e9 TNS? Si vous \u00eates un TNS,","og_url":"https:\/\/form.cohen-corporate-assurances.com\/courtier\/assurance-tns-commercant-artisan\/","og_site_name":"Cohen Corporates Assurances","article_publisher":"https:\/\/www.facebook.com\/Cohen-Corporate-Conseil-1506485289644638","article_modified_time":"2017-02-14T13:23:17+00:00","og_image":[{"url":"http:\/\/cohen-corporate-assurances.com\/courtier\/wp-content\/uploads\/2014\/10\/assur-1.jpg"}],"twitter_misc":{"Dur\u00e9e de lecture est.":"1 minute"},"schema":{"@context":"https:\/\/schema.org","@graph":[{"@type":"Organization","@id":"https:\/\/form.cohen-corporate-assurances.com\/courtier\/#organization","name":"Cohen corporates Assurances","url":"https:\/\/form.cohen-corporate-assurances.com\/courtier\/","sameAs":["https:\/\/www.facebook.com\/Cohen-Corporate-Conseil-1506485289644638","https:\/\/www.linkedin.com\/profile\/view?id=326448466","https:\/\/twitter.com\/Cohenyves2"],"logo":{"@type":"ImageObject","@id":"https:\/\/form.cohen-corporate-assurances.com\/courtier\/#logo","inLanguage":"fr-FR","url":"https:\/\/cohen-corporate-assurances.com\/courtier\/wp-content\/uploads\/2017\/02\/logo2017.jpg","contentUrl":"https:\/\/cohen-corporate-assurances.com\/courtier\/wp-content\/uploads\/2017\/02\/logo2017.jpg","width":550,"height":181,"caption":"Cohen corporates Assurances"},"image":{"@id":"https:\/\/form.cohen-corporate-assurances.com\/courtier\/#logo"}},{"@type":"WebSite","@id":"https:\/\/form.cohen-corporate-assurances.com\/courtier\/#website","url":"https:\/\/form.cohen-corporate-assurances.com\/courtier\/","name":"Cohen Corporates Assurances","description":"Courtier en Assurance","publisher":{"@id":"https:\/\/form.cohen-corporate-assurances.com\/courtier\/#organization"},"potentialAction":[{"@type":"SearchAction","target":{"@type":"EntryPoint","urlTemplate":"https:\/\/form.cohen-corporate-assurances.com\/courtier\/?s={search_term_string}"},"query-input":"required name=search_term_string"}],"inLanguage":"fr-FR"},{"@type":"ImageObject","@id":"https:\/\/form.cohen-corporate-assurances.com\/courtier\/assurance-tns-commercant-artisan\/#primaryimage","inLanguage":"fr-FR","url":"http:\/\/cohen-corporate-assurances.com\/courtier\/wp-content\/uploads\/2014\/10\/assur-1.jpg","contentUrl":"http:\/\/cohen-corporate-assurances.com\/courtier\/wp-content\/uploads\/2014\/10\/assur-1.jpg"},{"@type":"WebPage","@id":"https:\/\/form.cohen-corporate-assurances.com\/courtier\/assurance-tns-commercant-artisan\/#webpage","url":"https:\/\/form.cohen-corporate-assurances.com\/courtier\/assurance-tns-commercant-artisan\/","name":"SANTE MADELIN - Cohen Corporates Assurances","isPartOf":{"@id":"https:\/\/form.cohen-corporate-assurances.com\/courtier\/#website"},"primaryImageOfPage":{"@id":"https:\/\/form.cohen-corporate-assurances.com\/courtier\/assurance-tns-commercant-artisan\/#primaryimage"},"datePublished":"2017-01-24T12:22:16+00:00","dateModified":"2017-02-14T13:23:17+00:00","breadcrumb":{"@id":"https:\/\/form.cohen-corporate-assurances.com\/courtier\/assurance-tns-commercant-artisan\/#breadcrumb"},"inLanguage":"fr-FR","potentialAction":[{"@type":"ReadAction","target":["https:\/\/form.cohen-corporate-assurances.com\/courtier\/assurance-tns-commercant-artisan\/"]}]},{"@type":"BreadcrumbList","@id":"https:\/\/form.cohen-corporate-assurances.com\/courtier\/assurance-tns-commercant-artisan\/#breadcrumb","itemListElement":[{"@type":"ListItem","position":1,"name":"Accueil","item":"https:\/\/form.cohen-corporate-assurances.com\/courtier\/"},{"@type":"ListItem","position":2,"name":"SANTE MADELIN"}]}]}},"jetpack_shortlink":"https:\/\/wp.me\/P8pwsQ-9T","_links":{"self":[{"href":"https:\/\/form.cohen-corporate-assurances.com\/courtier\/wp-json\/wp\/v2\/pages\/613"}],"collection":[{"href":"https:\/\/form.cohen-corporate-assurances.com\/courtier\/wp-json\/wp\/v2\/pages"}],"about":[{"href":"https:\/\/form.cohen-corporate-assurances.com\/courtier\/wp-json\/wp\/v2\/types\/page"}],"author":[{"embeddable":true,"href":"https:\/\/form.cohen-corporate-assurances.com\/courtier\/wp-json\/wp\/v2\/users\/2"}],"replies":[{"embeddable":true,"href":"https:\/\/form.cohen-corporate-assurances.com\/courtier\/wp-json\/wp\/v2\/comments?post=613"}],"version-history":[{"count":6,"href":"https:\/\/form.cohen-corporate-assurances.com\/courtier\/wp-json\/wp\/v2\/pages\/613\/revisions"}],"predecessor-version":[{"id":682,"href":"https:\/\/form.cohen-corporate-assurances.com\/courtier\/wp-json\/wp\/v2\/pages\/613\/revisions\/682"}],"wp:attachment":[{"href":"https:\/\/form.cohen-corporate-assurances.com\/courtier\/wp-json\/wp\/v2\/media?parent=613"}],"curies":[{"name":"wp","href":"https:\/\/api.w.org\/{rel}","templated":true}]}}